 19
Let g(a) = a**2 + a - 10. Suppose -11*o = -9*o - 128. Let z = 59 - o. List the prime factors of g(z).
2, 5
Suppose 275*y - 251*y - 195815 = 211057. List the prime factors of y.
3, 5651
Suppose -13626 = -2*l + 3*b, -l + 20439 = 2*l - 5*b. List the prime factors of l.
3, 757
Let k(i) = 7188*i**2 - 32*i + 26. What are the prime factors of k(1)?
2, 3, 7, 19
Let p(b) = -762*b - 1134. What are the prime factors of p(-13)?
2, 3, 17, 43
Suppose 0 = -24*a - 26431 + 108991. What are the prime factors of a?
2, 5, 43
Let z(d) = d**3 + 24*d**2 + 11*d - 133. What are the prime factors of z(-20)?
29, 43
Let d be 4*(-2)/((-16)/38). Suppose d + 21 = 5*q. Suppose 2*a = -q + 38. List the prime factors of a.
3, 5
List the prime factors of (154 - -6016) + (1 - 7).
2, 23, 67
Let a = 86 + -87. What are the prime factors of 4 - (5 - 433) - a?
433
Let y(c) = -c**3 + 11*c**2 + 44*c - 26. Let d be y(14). Suppose -40*k + d*k = -10754. What are the prime factors of k?
283
Let i = 127318 - 68509. List the prime factors of i.
3, 19603
Let q(x) = 7*x - 81. Let n be q(10). Let h = 387 + n. What are the prime factors of h?
2, 47
What are the prime factors of 63855/6 + (-144)/32?
2, 3, 197
Suppose 9*h = -1011 + 8724. Suppose -10*z + h = -3013. What are the prime factors of z?
3, 43
Suppose -7*x + 3*x - 20 = 0. Let t be (-3 - 81/x) + 5/(-25). Suppose 0 = -8*q + t*q - 625. What are the prime factors of q?
5
Let g = -17951 + 12183. Let u be (-2)/9 + g/(-36). Suppose -u + 260 = 2*j. What are the prime factors of j?
2, 5
Suppose -5*w - 24 = -5*l + 8*l, -32 = 4*l + 5*w. What are the prime factors of (-6)/(-12) + (4 - 4452/l)?
3, 11, 17
Let d(z) be the second derivative of 5*z**3/6 + 17*z**2/2 - 24*z. What are the prime factors of d(21)?
2, 61
Let g(t) = -3*t + 20. Let a be g(6). Let w be ((-992)/12)/((-5)/(-3) - a). Suppose w = 4*m - o, -3*m + o - 310 = -8*m. What are the prime factors of m?
2, 31
Let g(l) = 288*l**2 - 23*l - 39. What are the prime factors of g(-2)?
19, 61
Suppose 5*s - 58 = -4*t, 5*t + 1 = 4*s - 5*s. Suppose 0 = -2*v - 3*x - s + 5, 14 = 3*v - x. List the prime factors of (-160)/(-2) + -2 + v.
3
Let s(h) = h**2 + 12*h - 1114. What are the prime factors of s(-62)?
2, 3, 331
Suppose 0 = 3*x - 8 - 4. Suppose -b = 2*i - 126 - 268, i + 3 = 0. Suppose -4*s + 0*s + b = -l, -x*l = -s + 100. List the prime factors of s.
2, 5
Let c(a) = -34*a + 14. Suppose 5 = s + 2*u + 8, 5*u - 12 = -s. What are the prime factors of c(s)?
2, 3, 19
Let d(z) be the first derivative of z**5/10 - 5*z**3 - 8. Let s(x) be the third derivative of d(x). What are the prime factors of s(4)?
2, 3
Suppose 4*g = 3*d - d + 2, 5*g + 5*d = 10. Let s be (15 + -15)/(g + 1). Suppose -2*l - 6 + 180 = s. List the prime factors of l.
3, 29
Suppose 0 = -3*j - 3*f - 12, -j + 5*f - 61 = 3*j. Let g(z) = -z**3 - 6*z**2 - 13*z + 10. What are the prime factors of g(j)?
2, 5, 37
Let g(z) = -9224*z - 612. What are the prime factors of g(-3)?
2, 3, 5, 11, 41
Suppose 7*p - 20 = 36. Suppose p*o = 13*o - 40. Suppose -o*n = -3*n - 390. List the prime factors of n.
2, 3, 13
Let r = 136721 - 75904. List the prime factors of r.
61, 997
Suppose -38*g + 1638 = -29*g. Let z = g - -36. List the prime factors of z.
2, 109
Let g(v) = 1824*v**2 - 73*v + 149. What are the prime factors of g(2)?
3, 811
Suppose -19113 = -3*q - 3*c, -71*q = -70*q - 4*c - 6376. What are the prime factors of q?
2, 3, 59
Let y(j) = -j - 5. Let f be y(0). Let u be (-3129)/(-12) + f/(-20). Suppose -2*m + 166 = 2*d, 3*d - 5*m = -2*m + u. What are the prime factors of d?
5, 17
What are the prime factors of -1 - (-308284)/12 - ((-94)/6 + 15)?
2, 5, 7, 367
Let d = -54 - -62. Suppose -2*v - d*v = 0. Suppose 2*x + x - 3*n - 366 = v, 0 = -x + 2*n + 118. What are the prime factors of x?
2, 3, 7
Suppose 27*a - 30*a = 4*z - 1019, 2*z + 4*a = 522. Suppose -15 = 4*s - z. What are the prime factors of s?
59
Let f(q) be the second derivative of q**6/8 + q**5/20 - 2*q**3/3 - 19*q**2/2 - 19*q. Let a(z) be the first derivative of f(z). List the prime factors of a(2).
2
Suppose 4*x = 8 + 12. Suppose -2*c - 1514 = -x*t, -4*t + 623 = -2*t + 5*c. What are the prime factors of t?
2, 19
Suppose 0*l + 26 = 3*o - 4*l, 2*o = 2*l + 14. Suppose 12 = 7*z - o. List the prime factors of 3 - 2/(z/(-47)).
2, 5
Let w(y) = 256*y**2 + 31*y - 120. List the prime factors of w(-13).
3, 1583
Let y be (4/(-22) - 374/(-726))*0. Suppose y*x - 4*i = 5*x - 2219, x = 3*i + 440. List the prime factors of x.
443
Let a = -8043 + 11640. Suppose 4*c + 5*p = a, p - 3587 = -4*c - 2*p. What are the prime factors of c?
19, 47
Suppose -5*j + 181235 = -5*o, -48*o - 108727 = -3*j - 47*o. List the prime factors of j.
2, 3, 5, 151
Let o(g) = -g**3 + 2*g**2 - 3*g + 1842. List the prime factors of o(0).
2, 3, 307
Let o(k) = -2*k + 39. Let h(w) = w**2 - 2*w - 5. Let s be h(3). Let a be s - (-22 + 4/1). List the prime factors of o(a).
7
Let o be 1*(-80 + (3 - 1)). Let m = 84 + o. What are the prime factors of ((-32)/m)/(40/(-12) + 3)?
2
Let a be 8/(-24) + (2152/12 - -3). What are the prime factors of 2/14 + 25454/a?
2, 5, 7
Suppose 34 = -2*z + t, -4*t = -5*z - 89 + 10. Let y = 202 + z. List the prime factors of y.
3, 61
What are the prime factors of 675164/24 + 12/18 + 18/(-12)?
3, 9377
Let x = -10304 + 10343. What are the prime factors of x?
3, 13
Let w = 14877 - 7131. List the prime factors of w.
2, 3, 1291
Let d(g) be the second derivative of -g**2 + 6*g - g**3 + 0 + 1/4*g**4. What are the prime factors of d(-4)?
2, 5, 7
Let v be 83/6 - 7/(-42). Suppose 2181 = v*g - 143. What are the prime factors of g?
2, 83
Suppose 5*t - 2*b = 3*t + 8, 0 = -t + 4*b + 4. Suppose 800 = t*l + l. Suppose -m - 4*z + 64 = -14, -4*z + l = 2*m. What are the prime factors of m?
2, 41
Suppose 13724 = 5*i - 2*d, -5*i + 3*d - 5*d = -13716. What are the prime factors of i?
2, 7
Let v = -43 - -42. Let f be (-2)/(-1) - 1/v. Suppose -f*i - 110 = -5*y, -2*y + 8*i = 3*i - 63. What are the prime factors of y?
19
Let m = 36 + -30. Suppose l - 2*u = -m*u - 23, -11 = -3*l + 4*u. List the prime factors of l/(-4) + (-2723)/(-28) - -2.
2, 5
Let p(u) = 24*u - 17. Let g(z) = 12*z - 9. Let x(r) = -7*g(r) + 4*p(r). Let j be x(-7). List the prime factors of 1*4 + (0/(-4) - j).
3, 31
Let a be (-5 - (-4 + 328)) + 3/1. Let m = -304 - a. List the prime factors of m.
2, 11
Let g(o) = 4*o**2 - o + 21628. List the prime factors of g(0).
2, 5407
Suppose -v + 2*z - 125 = 0, 0*v - 3*v - z - 410 = 0. Let p be 29/6*38 + (-45)/v. Suppose 2*l = l + p. List the prime factors of l.
2, 23
What are the prime factors of (((-7960302)/(-33))/18)/1 - (-4)/(-22)?
3, 1489
Let p(a) = -3*a + 115. Let o be p(-17). Let h = 765 + o. What are the prime factors of h?
7, 19
Let t = 225 + -220. What are the prime factors of (691 - (t + -4))*(2 + 0)?
2, 3, 5, 23
Let b = -689 - -687. What are the prime factors of (-14 - 62)*(5/b + 0)?
2, 5, 19
Let d be 7 + 1 - 3/(-6)*4. List the prime factors of (d/(-40) - 3/(-12)) + 535.
5, 107
Suppose c = -k + 691, -17*k - 721 = -c - 12*k. Suppose 711 = 5*j - 2*b, 19*j - 14*j - c = -3*b. List the prime factors of j.
3, 47
Let w(x) = -9*x + 26. Let p be w(6). Let a = p + 21. What are the prime factors of (-2 - a)*142/10?
71
Suppose -70*o + 889898 - 75479 = -722501. List the prime factors of o.
2, 11, 499
Let h(u) = 21*u**2 - 7*u - 8. Let i be h(5). Suppose 3*w = -5*c + i, -5*c + 173 + 1 = w. List the prime factors of w.
2, 7, 11
What are the prime factors of (252/(-66) - -4) + (-421125)/(-55)?
13, 19, 31
Let h be 105/7 - 5/(-25)*0. List the prime factors of (12 - h)/((-3)/326).
2, 163
Let o = 14376 + -9782. List the prime factors of o.
2, 2297
Suppose -2*p - p = -6. Suppose p*j + 5*k = 3031, -4*k - 379 = -2*j + 2697. What are the prime factors of j?
2, 191
Suppose 10*j - 169569 = 6*j - 5*s, 0 = j - 5*s - 42361. What are the prime factors of j?
2, 21193
Let p be -20*(3/1)/(-12). Suppose 0 = -b + 2*v - 3*v, -p*b - 3*v - 2 = 0. What are the prime factors of 26 + b + (-4)/(-1)?
29
Let i(q) = 1189*q - 3918. List the prime factors of i(8).
2, 2797
Let o = 93567 + -44868. What are the prime factors of o?
3, 7, 773
Let x = 46714 - 3540. List the prime factors of x.
2, 21587
Let m be 112*(3 + 21/(-6)). Let q be (-5)/(105/(-20826)) - 16/m. List the prime factors of q/